6?
1
What is the units digit of 87703?
3
What is the units digit of 1200644?
4
What is the ten thousands digit of 2031290?
3
What is the thousands digit of 214202?
4
What is the hundreds digit of 131132?
1
What is the tens digit of 45210?
1
What is the tens digit of 177770?
7
What is the units digit of 21649064?
4
What is the hundred thousands digit of 14179471?
1
What is the ten thousands digit of 2720252?
2
What is the tens digit of 6986666?
6
What is the thousands digit of 10481159?
1
What is the thousands digit of 840038?
0
What is the tens digit of 3113520?
2
What is the units digit of 118481?
1
What is the thousands digit of 514739?
4
What is the tens digit of 61096?
9
What is the ten thousands digit of 338075?
3
What is the hundreds digit of 18838424?
4
What is the millions digit of 6590973?
6
What is the tens digit of 15158051?
5
What is the tens digit of 1966491?
9
What is the thousands digit of 105627?
5
What is the units digit of 111767?
7
What is the ten thousands digit of 4552561?
5
What is the thousands digit of 31559?
1
What is the thousands digit of 757530?
7
What is the tens digit of 103093?
9
What is the thousands digit of 3524829?
4
What is the hundred thousands digit of 1927692?
9
What is the hundreds digit of 337651?
6
What is the tens digit of 1457235?
3
What is the hundred thousands digit of 920441?
9
What is the ten thousands digit of 779412?
7
What is the ten thousands digit of 26265098?
6
What is the units digit of 14701823?
3
What is the millions digit of 8007439?
8
What is the thousands digit of 536842?
6
What is the hundred thousands digit of 18276314?
2
What is the units digit of 506061?
1
What is the ten thousands digit of 657923?
5
What is the millions digit of 19207751?
9
What is the tens digit of 6158962?
6
What is the ten thousands digit of 12308032?
0
What is the hundred thousands digit of 2205839?
2
What is the thousands digit of 1157205?
7
What is the ten thousands digit of 17081?
1
What is the units digit of 459933?
3
What is the ten thousands digit of 313171?
1
What is the thousands digit of 5964321?
4
What is the thousands digit of 1285988?
5
What is the units digit of 1245167?
7
What is the ten thousands digit of 139284?
3
What is the thousands digit of 10874591?
4
What is the thousands digit of 30428?
0
What is the tens digit of 52062?
6
What is the thousands digit of 31519568?
9
What is the hundred thousands digit of 146344?
1
What is the hundred thousands digit of 2082564?
0
What is the tens digit of 20417465?
6
What is the ten thousands digit of 213859?
1
What is the ten thousands digit of 935333?
3
What is the millions digit of 1947049?
1
What is the thousands digit of 1022725?
2
What is the hundreds digit of 214294?
2
What is the units digit of 7542693?
3
What is the tens digit of 238289?
8
What is the millions digit of 3378828?
3
What is the ten thousands digit of 2052090?
5
What is the millions digit of 4005339?
4
What is the ten thousands digit of 116860?
1
What is the tens digit of 155797?
9
What is the tens digit of 402640?
4
What is the tens digit of 904153?
5
What is the hundred thousands digit of 3189361?
1
What is the hundred thousands digit of 951951?
9
What is the hundred thousands digit of 1367818?
3
What is the hundreds digit of 7896580?
5
What is the millions digit of 4012805?
4
What is the hundred thousands digit of 1663387?
6
What is the millions digit of 2664264?
2
What is the thousands digit of 144571?
4
What is the hundred thousands digit of 9943491?
9
What is the hundreds digit of 447799?
7
What is the hundred thousands digit of 444359?
4
What is the hundreds digit of 915133?
1
What is the units digit of 22414671?
1
What is the tens digit of 588357?
5
What is the thousands digit of 3532351?
2
What is the hundred thousands digit of 625539?
6
What is the tens digit of 2378469?
6
What is the hundred thousands digit of 1838419?
8
What is the hundred thousands digit of 19302827?
3
What is the millions digit of 2831424?
2
What is the thousands digit of 350716?
0
What is the units digit of 158737?
7
What is the ten thousands digit of 8295733?
9
What is the units digit of 7013485?
5
What is the units digit of 2111829?
9
What is the tens digit of 6499?
9
What is the hundred thousands digit of 13743852?
7
What is the hundred thousands digit of 435270?
4
What is the tens digit of 324134?
3
What is the hundred thousands digit of 347981?
3
What is the ten millions digit of 13544893?
1
What is the millions digit of 26007231?
6
What is the units digit of 147184?
4
What is the ten thousands digit of 748103?
4
What is the ten thousands digit of 307771?
0
What is the ten thousands digit of 3500764?
0
What is the millions digit of 39397602?
9
What is the thousands digit of 18112470?
2
What is the thousands digit of 2328?
2
What is the ten thousands digit of 57435?
5
What is the units digit of 188076?
6
What is the hundreds digit of 1719657?
6
What is the ten thousands digit of 1958952?
5
What is the millions digit of 1670423?
1
What is the hundred thousands digit of 199973?
1
What is the hundreds digit of 1796879?
8
What is the ten thousands digit of 37288?
3
What is the hundreds digit of 2183345?
3
What is the ten thousands digit of 121739?
2
What is the thousands digit of 7306766?
6
What is the hundreds digit of 24463751?
7
What is the thousands digit of 1467094?
7
What is the hundred thousands digit of 314785?
3
What is the millions digit of 19997229?
9
What is the ten thousands digit of 875497?
7
What is the tens digit of 228076?
7
What is the units digit of 391245?
5
What is the ten thousands digit of 337470?
3
What is the ten thousands digit of 307331?
0
What is the thousands digit of 1673146?
3
What is the thousands digit of 3023116?
3
What is the hundred thousands digit of 671662?
6
What is the hundreds digit of 6425605?
6
What is the units digit of 488778?
8
What is the hundreds digit of 1403406?
4
What is the ten thousands digit of 15434733?
3
What is the ten thousands digit of 17887?
1
What is the units digit of 332885?
5
What is the units digit of 168481?
1
What is the tens digit of 1528634?
3
What is the thousands digit of 9255344?
5
What is the ten thousands digit of 3612288?
1
What is the tens digit of 1544509?
0
What is the tens digit of 2654437?
3
What is the hundred thousands digit of 2575411?
5
What is the units digit of 3421440?
0
What is the thousands digit of 7484961?
4
What is the units digit of 5635972?
2
What is the hundreds digit of 520180?
1
What is the tens digit of 39113664?
6
What is the hundred thousands digit of 202483?
2
What is the tens digit of 78372?
7
What is the hundreds digit of 674294?
2
What is the tens digit of 43754?
5
What is the hundreds digit of 5678538?
5
What is the tens digit of 12035704?
0
What is the thousands digit of 40378145?
8
What is the hundreds digit of 320169?
1
What is the thousands digit of 414822?
4
What is the tens digit of 426272?
7
What is the thousands digit of 4570302?
0
What is the millions digit of 7082954?
7
What is the thousands digit of 1978270?
8
What is the hundreds digit of 20377?
3
What is the hundreds digit of 3785003?
0
What is the thousands digit of 7437529?
7
What is the hundreds digit of 267735?
7
What is the hundred thousands digit of 128993?
1
What is the thousands digit of 198972?
8
What is the hundreds digit of 8888005?
0
What is the units digit of 8550550?
0
What is the hundreds digit of 8484081?
0
What is the ten millions digit of 23121371?
2
What is the tens digit of 347913?
1
What is the millions digit of 1213434?
1
What is the units digit of 287009?
9
What is the millions digit of 1168967?
1
What is the thousands digit of 7259446?
9
What is the tens digit of 389743?
4
What is the hundred thousands digit of 13012853?
0
What is the thousands digit of 278115?
8
What is the tens digit of 1220505?
0
What is the hundred thousands digit of 3343103?
3
What is the hundred thousands digit of 2616406?
6
What is the hundred thousands digit of 260990?
2
What is the hundred thousands digit of 8311649?
3
What is the ten thousands digit of 42648?
4
What is the units digit of 1145796?
6
What is the hundreds digit of 127952?
9
What is the hundred thousands digit of 4108549?
1
What is the tens digit of 238743?
4
What is 